{"id":295,"date":"2017-03-31T03:51:39","date_gmt":"2017-03-31T03:51:39","guid":{"rendered":"http:\/\/wordpress.verkehrswacht-eichsfeld.de\/?page_id=295"},"modified":"2017-03-31T03:56:17","modified_gmt":"2017-03-31T03:56:17","slug":"sicher-unterwegs-in-thueringen","status":"publish","type":"page","link":"http:\/\/wordpress.verkehrswacht-eichsfeld.de\/?page_id=295","title":{"rendered":"&#8211; Sicher unterwegs in Th\u00fcringen"},"content":{"rendered":"<p>Zielgruppe:<br \/>\nAlle Verkehrsteilnehmer, vom Kind \u00fcber die Fu\u00dfg\u00e4nger,  Radfahrer, junge Kraftfahrer, \u00e4ltere Kraftfahrer, Senioren.<\/p>\n<p>Ziel:<br \/>\nMit diesem Projekt werden Verkehrssicherheitsveranstaltungen in den Kommunen durchgef\u00fchrt. Das besondere Anliegen dieser Veranstaltungen ist es vor Ort m\u00f6glichst alle Verkehrsteilnehmer zu erreichen, f\u00fcr Verkehrssicherheit zu werben, aufzukl\u00e4ren, zu sensibilisieren, zu informieren.<\/p>\n<p>Inhalt:<br \/>\nInhalte der verkehrserzieherischen und verkehrsaufkl\u00e4renden Aktion sind vorrangig Geschwindigkeit, Anschnallpflicht, Alkohol, Drogen, Medikamente. Der Einsatz der Aktionselemente<\/p>\n<p>    Gurtschlitten<br \/>\n    Fahrsimulator<br \/>\n    Motorradsimulator<br \/>\n    \u00dcberschlagsimulator<br \/>\n    Bremssimulator<br \/>\n    Verkehrsmobil<\/p>\n<p>dienen dazu, erlebnisorientiert richtiges Verhalten zu trainieren, \u00fcber m\u00f6gliche Gefahren aufzukl\u00e4ren und eigene Erfahrungen im Simulator zu machen. Unterst\u00fctzend beteiligen sich an den Aktionstagen Polizei, Fahrlehrer, Kfz-Sachverst\u00e4ndige. <\/p>\n","protected":false},"excerpt":{"rendered":"<p>Zielgruppe: Alle Verkehrsteilnehmer, vom Kind \u00fcber die Fu\u00dfg\u00e4nger, Radfahrer, junge Kraftfahrer, \u00e4ltere Kraftfahrer, Senioren. Ziel: Mit diesem Projekt werden Verkehrssicherheitsveranstaltungen in den Kommunen durchgef\u00fchrt. Das besondere Anliegen dieser Veranstaltungen ist es vor Ort m\u00f6glichst alle Verkehrsteilnehmer zu erreichen, f\u00fcr Verkehrssicherheit <a href=\"http:\/\/wordpress.verkehrswacht-eichsfeld.de\/?page_id=295\"> Read more&#8230;<\/a><\/p>\n","protected":false},"author":2,"featured_media":0,"parent":280,"menu_order":0,"comment_status":"closed","ping_status":"closed","template":"","meta":{"footnotes":""},"class_list":["post-295","page","type-page","status-publish","hentry"],"aioseo_notices":[],"_links":{"self":[{"href":"http:\/\/wordpress.verkehrswacht-eichsfeld.de\/index.php?rest_route=\/wp\/v2\/pages\/295","targetHints":{"allow":["GET"]}}],"collection":[{"href":"http:\/\/wordpress.verkehrswacht-eichsfeld.de\/index.php?rest_route=\/wp\/v2\/pages"}],"about":[{"href":"http:\/\/wordpress.verkehrswacht-eichsfeld.de\/index.php?rest_route=\/wp\/v2\/types\/page"}],"author":[{"embeddable":true,"href":"http:\/\/wordpress.verkehrswacht-eichsfeld.de\/index.php?rest_route=\/wp\/v2\/users\/2"}],"replies":[{"embeddable":true,"href":"http:\/\/wordpress.verkehrswacht-eichsfeld.de\/index.php?rest_route=%2Fwp%2Fv2%2Fcomments&post=295"}],"version-history":[{"count":1,"href":"http:\/\/wordpress.verkehrswacht-eichsfeld.de\/index.php?rest_route=\/wp\/v2\/pages\/295\/revisions"}],"predecessor-version":[{"id":296,"href":"http:\/\/wordpress.verkehrswacht-eichsfeld.de\/index.php?rest_route=\/wp\/v2\/pages\/295\/revisions\/296"}],"up":[{"embeddable":true,"href":"http:\/\/wordpress.verkehrswacht-eichsfeld.de\/index.php?rest_route=\/wp\/v2\/pages\/280"}],"wp:attachment":[{"href":"http:\/\/wordpress.verkehrswacht-eichsfeld.de\/index.php?rest_route=%2Fwp%2Fv2%2Fmedia&parent=295"}],"curies":[{"name":"wp","href":"https:\/\/api.w.org\/{rel}","templated":true}]}}