{"id":60,"date":"2016-09-18T23:30:55","date_gmt":"2016-09-18T23:30:55","guid":{"rendered":"http:\/\/wordpress.verkehrswacht-eichsfeld.de\/?page_id=60"},"modified":"2019-04-23T19:33:30","modified_gmt":"2019-04-23T19:33:30","slug":"chronik","status":"publish","type":"page","link":"http:\/\/wordpress.verkehrswacht-eichsfeld.de\/?page_id=60","title":{"rendered":"Chronik"},"content":{"rendered":"\n<table class=\"wp-block-table is-style-stripes\"><tbody><tr><td><span style=\"color: #993300;\"><strong>12.04.1994<\/strong><\/span><\/td><td><strong>wird im Landkreis Eichsfeld die Verkehrswacht Eichsfeld e.V.<\/strong><br><strong> gegr\u00fcndet und die Satzung beschlossen.<\/strong><\/td><\/tr><tr><td><span style=\"color: #993300;\"><strong>14.06.1994<\/strong><\/span><\/td><td><strong>Eintragung der Verkehrswacht Eichsfeld e.V. ins Vereinsregister VR 225<\/strong><br><strong>beim Amtsgericht Heiligenstadt.<\/strong><br><strong> Schirmherrin:<\/strong><br><strong> Barbara Behrend, Direktorin des Amtsgerichts Heiligenstadt<\/strong><\/td><\/tr><tr><td><strong><span style=\"color: #990000;\">05.09.1994&nbsp;<\/span><\/strong> <\/td><td><strong>\u00dcbergabe der mobilen Jugendverkehrsschule durch das Landratsamt<\/strong><br><strong> Heiligenstadt Herrn Martin Henning, Leiter der Abteilung f\u00fcr Schulen, an den<\/strong><br><strong> Leiter der PI Heiligenstadt Herrn Wolfgang Fischer, Polizeihauptkommissar.<\/strong><br><strong> Sponsoren sind: der Motorspoitclub Heiligenstadt e.V. im ADAC, das Auto-<\/strong><br><strong> haus Gassmann, das Lackierzentrum Dietrich und die Fashion-Werbung We-<\/strong><br><strong> ber. Das Fahrzeug wurde mit Fahrr\u00e4dern, Fahrradhelmen und Lehrmaterialien<\/strong><br><strong> ausgestattet. Die Ausn&#8220;istung wurde durch den Gesch\u00e4ftsf\u00fchrer G\u00fcnther Part-<\/strong><br><strong> schefeld Landesverkehrswacht Th\u00fcringen gestellt.<\/strong><br><strong> Erste mobile Jugendverkehrschule: <figure><img loading=\"lazy\" decoding=\"async\" class=\"alignnone size-medium wp-image-382\" src=\"http:\/\/wordpress.verkehrswacht-eichsfeld.de\/wp-content\/uploads\/2019\/04\/z1-300x187.jpg\" alt=\"\" width=\"300\" height=\"187\" srcset=\"http:\/\/wordpress.verkehrswacht-eichsfeld.de\/wp-content\/uploads\/2019\/04\/z1-300x187.jpg 300w, http:\/\/wordpress.verkehrswacht-eichsfeld.de\/wp-content\/uploads\/2019\/04\/z1-768x479.jpg 768w, http:\/\/wordpress.verkehrswacht-eichsfeld.de\/wp-content\/uploads\/2019\/04\/z1-1024x639.jpg 1024w\" sizes=\"auto, (max-width: 300px) 100vw, 300px\" \/><\/figure><br><\/strong><\/td><\/tr><tr><td><span style=\"color: #993300;\"><strong>21.02.1995<\/strong><\/span><\/td><td><strong>In der Sitzung fasste der Jugendhilfeausschuss des Kreistages des Landkreises Eichsfeld einstimmig den Beschluss, die Verkehrswacht Eichsfeld e.V. als freie Tr\u00e4ger<\/strong><br><strong> der Jugendhilfe gem. \u00a7 75 SGB VIII (Kinder- und Jugendhilfegesetz) auf dem Gebiet des Landkreises Eichsfeld anzuerkennen.<\/strong><\/td><\/tr><tr><td><span style=\"color: #993300;\"><strong>23.06.1995<\/strong><\/span><\/td><td><strong>\u00dcbergabe der mobilen Jugendverkehrsschule mit kompletter Ausr\u00fcstung<\/strong><br><strong> durch die Verkehrswacht an die Polizeiinspektion Worbis Mobile Jugendverkehrsschule der Polizeiinspektion Worbis<figure><img loading=\"lazy\" decoding=\"async\" class=\"alignnone size-medium wp-image-383\" src=\"http:\/\/wordpress.verkehrswacht-eichsfeld.de\/wp-content\/uploads\/2019\/04\/z2-300x182.jpg\" alt=\"\" width=\"300\" height=\"182\" srcset=\"http:\/\/wordpress.verkehrswacht-eichsfeld.de\/wp-content\/uploads\/2019\/04\/z2-300x182.jpg 300w, http:\/\/wordpress.verkehrswacht-eichsfeld.de\/wp-content\/uploads\/2019\/04\/z2-768x466.jpg 768w, http:\/\/wordpress.verkehrswacht-eichsfeld.de\/wp-content\/uploads\/2019\/04\/z2-1024x622.jpg 1024w\" sizes=\"auto, (max-width: 300px) 100vw, 300px\" \/><\/figure><\/strong><\/td><\/tr><tr><td><span style=\"color: #993300;\"><strong>13.09.1995<\/strong><\/span><\/td><td><strong>\u00dcbergabe des neu geschaffenen Schulungsraumes f\u00fcr die Radfahrausbildung<\/strong><br><strong> am Verkehrsgarten in Heiligenstadt, Holbeinstra\u00dfe 16.<figure><img loading=\"lazy\" decoding=\"async\" class=\"alignnone size-medium wp-image-384\" src=\"http:\/\/wordpress.verkehrswacht-eichsfeld.de\/wp-content\/uploads\/2019\/04\/z3-300x174.jpg\" alt=\"\" width=\"300\" height=\"174\" srcset=\"http:\/\/wordpress.verkehrswacht-eichsfeld.de\/wp-content\/uploads\/2019\/04\/z3-300x174.jpg 300w, http:\/\/wordpress.verkehrswacht-eichsfeld.de\/wp-content\/uploads\/2019\/04\/z3-768x445.jpg 768w, http:\/\/wordpress.verkehrswacht-eichsfeld.de\/wp-content\/uploads\/2019\/04\/z3-1024x593.jpg 1024w\" sizes=\"auto, (max-width: 300px) 100vw, 300px\" \/><\/figure><\/strong><\/td><\/tr><tr><td><span style=\"color: #993300;\"><strong>01.03.1996<\/strong><\/span><\/td><td><strong>Inbetriebnahme des \u00dcbungsplatzes an der Grundschule Wingerode.<\/strong><\/td><\/tr><tr><td><span style=\"color: #993300;\"><strong>28.08.1997<\/strong><\/span><\/td><td><strong>Gro\u00dfer Aktionstag \u201eSchulwegsicherung\u201c auf dem Schulhof der Lorenz-<\/strong><br><strong> Kellner-Schule f\u00fcr die Grund- und F\u00f6rderschulen.<figure><img loading=\"lazy\" decoding=\"async\" class=\"alignnone size-medium wp-image-386\" src=\"http:\/\/wordpress.verkehrswacht-eichsfeld.de\/wp-content\/uploads\/2019\/04\/z5-300x193.jpg\" alt=\"\" width=\"300\" height=\"193\" srcset=\"http:\/\/wordpress.verkehrswacht-eichsfeld.de\/wp-content\/uploads\/2019\/04\/z5-300x193.jpg 300w, http:\/\/wordpress.verkehrswacht-eichsfeld.de\/wp-content\/uploads\/2019\/04\/z5-768x493.jpg 768w, http:\/\/wordpress.verkehrswacht-eichsfeld.de\/wp-content\/uploads\/2019\/04\/z5-1024x657.jpg 1024w, http:\/\/wordpress.verkehrswacht-eichsfeld.de\/wp-content\/uploads\/2019\/04\/z5.jpg 1924w\" sizes=\"auto, (max-width: 300px) 100vw, 300px\" \/><\/figure> <figure><img loading=\"lazy\" decoding=\"async\" class=\"alignnone size-medium wp-image-385\" src=\"http:\/\/wordpress.verkehrswacht-eichsfeld.de\/wp-content\/uploads\/2019\/04\/z4-300x190.jpg\" alt=\"\" width=\"300\" height=\"190\" srcset=\"http:\/\/wordpress.verkehrswacht-eichsfeld.de\/wp-content\/uploads\/2019\/04\/z4-300x190.jpg 300w, http:\/\/wordpress.verkehrswacht-eichsfeld.de\/wp-content\/uploads\/2019\/04\/z4-768x487.jpg 768w, http:\/\/wordpress.verkehrswacht-eichsfeld.de\/wp-content\/uploads\/2019\/04\/z4-1024x650.jpg 1024w\" sizes=\"auto, (max-width: 300px) 100vw, 300px\" \/><\/figure><\/strong><\/td><\/tr><tr><td><span style=\"color: #993300;\"><strong>17.05.1998<\/strong><\/span><\/td><td><strong>\u00dcbergabe des neu geschaffenen \u00dcbungsplatzes der GS W\u00fcstheuterode.<\/strong><\/td><\/tr><tr><td><strong><span style=\"color: #990000;\">28.09.1998<\/span><\/strong> <\/td><td><strong>Radfahrausbildung auf dem neu geschaffenen Verkehrsgarten in K\u00fcllstedt.<\/strong><\/td><\/tr><tr><td><span style=\"color: #993300;\"><strong>06.10.2000<\/strong><\/span><\/td><td><strong>\u00dcbergabe der neuen mobilen Jugendverkehrsschule Eichsfeld EIC &#8211; 255<\/strong><br><strong> durch die Verkehrswacht an den Landrat Herrn Dr. Werner Henning.<\/strong><\/td><\/tr><tr><td><span style=\"color: #993300;\"><strong>Nov. 2002<\/strong><\/span><\/td><td><strong>Im Rahmen eines Projektantrages finanzierte die Landesverkehrswacht<\/strong><br><strong> Th\u00fcringen e.V. im November 2002 fur die Jugendverkehrsschule Worbis<\/strong><br><strong> eine Ampelanlage im Wert von 7.158,00 Euro.<\/strong><\/td><\/tr><tr><td><span style=\"color: #990000;\"><strong>Febr.&nbsp; 2003 &nbsp;<\/strong><\/span><strong> <\/strong><\/td><td><strong>Wechsel im Vorstand: Berthold Gabel gibt Vorsitz auf, neue Vorsitzende wird Gerda Buchholz<\/strong><\/td><\/tr><tr><td><strong><span style=\"color: #990000;\">M\u00e4rz 2003&nbsp; &nbsp;<\/span><\/strong> <\/td><td><strong>\u00dcbergabe einer Ampelanlage f\u00fcr die Verkehrserziehung an die JVS der PI Worbis<\/strong><\/td><\/tr><tr><td><strong><span style=\"color: #990000;\">Juni 2004&nbsp;<\/span><\/strong> <\/td><td><strong>1. Verkehrssicherheitstag \u201eAktion Junge Fahrer\u201c in Leinefelde  Partner: SBBS Leinefelde, Stadt Leinefelde-Worbis <\/strong><\/td><\/tr><tr><td><strong><span style=\"color: #990000;\">April 2007&nbsp; &nbsp;<\/span><\/strong> <\/td><td> <strong>Gew\u00e4hrung einer Zuwendung aus dem Fonds \u201eLottomittel\u201c  des Freistaates Th\u00fcringen f\u00fcr die Markierung des Verkehrsgartens in der Astrid-Lindgren-Schule in Heiligenstadt<\/strong><\/td><\/tr><tr><td><strong><span style=\"color: #990000;\">Mai 2007<\/span><\/strong> <\/td><td><strong>Wechsel im Vorstand <br>Neuer Vorsitzender: Bert D\u00fcbner <\/strong><\/td><\/tr><tr><td><strong><span style=\"color: #990000;\">2007<\/span><\/strong> <\/td><td><strong>Start der \u201ePlakatserie\u201c zum Unfallgeschehen im Landkreis und Projekt \u201e Regionaler Leitfaden zur Verkehrserziehung im Landkreis Eichsfeld\u201c <\/strong><\/td><\/tr><tr><td><strong><span style=\"color: #990000;\">2010<\/span><\/strong><\/td><td><strong>Sch\u00fclerwettbewerb \u201eDrogen und Verkehrssicherheit\u201c <\/strong><p><strong>Plakate werden in einem \u201ezeitlosen Kalender\u201c zusammengefasst<\/strong><\/p><\/td><\/tr><tr><td><strong><span style=\"color: #990000;\">2012<\/span><\/strong><\/td><td><strong>Pr\u00e4ventionspreis der Aktion Kinder-Unfallhilfe e.V. <br> \u201eDer Rote Ritter\u201c f\u00fcr den \u201eRegionalen Leitfaden zur Verkehrserziehung\u201c&nbsp; <\/strong><\/td><\/tr><tr><td><strong><span style=\"color: #990000;\">2013<\/span><\/strong> <\/td><td><strong>Anschaffung einer H\u00fcpfburg<\/strong><\/td><\/tr><tr><td><strong><span style=\"color: #990000;\">2015<\/span><\/strong><\/td><td><strong> Start des Internetauftritts <br> &nbsp;&nbsp;&nbsp;&nbsp;&nbsp;&nbsp;&nbsp;&nbsp;&nbsp;&nbsp;&nbsp;&nbsp;&nbsp;&nbsp;&nbsp;&nbsp;&nbsp;&nbsp;&nbsp;&nbsp;&nbsp;&nbsp;&nbsp; <\/strong><a href=\"http:\/\/www.verkehrswacht-eichsfeld.de\/\"><strong>www.verkehrswacht-eichsfeld.de<\/strong><\/a><strong> <\/strong><\/td><\/tr><tr><td><strong><span style=\"color: #990000;\">2016<\/span><\/strong><\/td><td><strong> Bau und Inbetriebnahme eines eigenen Gurtschlitten <\/strong><\/td><\/tr><\/tbody><\/table>\n\n\n\n<p><\/p>\n","protected":false},"excerpt":{"rendered":"<p>12.04.1994 wird im Landkreis Eichsfeld die Verkehrswacht Eichsfeld e.V. gegr\u00fcndet und die Satzung beschlossen. 14.06.1994 Eintragung der Verkehrswacht Eichsfeld e.V. ins Vereinsregister VR 225beim Amtsgericht Heiligenstadt. Schirmherrin: Barbara Behrend, Direktorin des Amtsgerichts Heiligenstadt 05.09.1994&nbsp; \u00dcbergabe der mobilen Jugendverkehrsschule durch das <a href=\"http:\/\/wordpress.verkehrswacht-eichsfeld.de\/?page_id=60\"> Read more&#8230;<\/a><\/p>\n","protected":false},"author":2,"featured_media":0,"parent":2,"menu_order":0,"comment_status":"closed","ping_status":"closed","template":"template-full-width.php","meta":{"footnotes":""},"class_list":["post-60","page","type-page","status-publish","hentry"],"aioseo_notices":[],"_links":{"self":[{"href":"http:\/\/wordpress.verkehrswacht-eichsfeld.de\/index.php?rest_route=\/wp\/v2\/pages\/60","targetHints":{"allow":["GET"]}}],"collection":[{"href":"http:\/\/wordpress.verkehrswacht-eichsfeld.de\/index.php?rest_route=\/wp\/v2\/pages"}],"about":[{"href":"http:\/\/wordpress.verkehrswacht-eichsfeld.de\/index.php?rest_route=\/wp\/v2\/types\/page"}],"author":[{"embeddable":true,"href":"http:\/\/wordpress.verkehrswacht-eichsfeld.de\/index.php?rest_route=\/wp\/v2\/users\/2"}],"replies":[{"embeddable":true,"href":"http:\/\/wordpress.verkehrswacht-eichsfeld.de\/index.php?rest_route=%2Fwp%2Fv2%2Fcomments&post=60"}],"version-history":[{"count":25,"href":"http:\/\/wordpress.verkehrswacht-eichsfeld.de\/index.php?rest_route=\/wp\/v2\/pages\/60\/revisions"}],"predecessor-version":[{"id":410,"href":"http:\/\/wordpress.verkehrswacht-eichsfeld.de\/index.php?rest_route=\/wp\/v2\/pages\/60\/revisions\/410"}],"up":[{"embeddable":true,"href":"http:\/\/wordpress.verkehrswacht-eichsfeld.de\/index.php?rest_route=\/wp\/v2\/pages\/2"}],"wp:attachment":[{"href":"http:\/\/wordpress.verkehrswacht-eichsfeld.de\/index.php?rest_route=%2Fwp%2Fv2%2Fmedia&parent=60"}],"curies":[{"name":"wp","href":"https:\/\/api.w.org\/{rel}","templated":true}]}}

<table class="wp-block-table is-style-stripes"><tbody><tr><td><span style="color: #993300;"><strong>12.04.1994</strong></span></td><td><strong>wird im Landkreis Eichsfeld die Verkehrswacht Eichsfeld e.V.</strong><br><strong> gegründet und die Satzung beschlossen.</strong></td></tr><tr><td><span style="color: #993300;"><strong>14.06.1994</strong></span></td><td><strong>Eintragung der Verkehrswacht Eichsfeld e.V. ins Vereinsregister VR 225</strong><br><strong>beim Amtsgericht Heiligenstadt.</strong><br><strong> Schirmherrin:</strong><br><strong> Barbara Behrend, Direktorin des Amtsgerichts Heiligenstadt</strong></td></tr><tr><td><strong><span style="color: #990000;">05.09.1994&nbsp;</span></strong> </td><td><strong>Übergabe der mobilen Jugendverkehrsschule durch das Landratsamt</strong><br><strong> Heiligenstadt Herrn Martin Henning, Leiter der Abteilung für Schulen, an den</strong><br><strong> Leiter der PI Heiligenstadt Herrn Wolfgang Fischer, Polizeihauptkommissar.</strong><br><strong> Sponsoren sind: der Motorspoitclub Heiligenstadt e.V. im ADAC, das Auto-</strong><br><strong> haus Gassmann, das Lackierzentrum Dietrich und die Fashion-Werbung We-</strong><br><strong> ber. Das Fahrzeug wurde mit Fahrrädern, Fahrradhelmen und Lehrmaterialien</strong><br><strong> ausgestattet. Die Ausn&#8220;istung wurde durch den Geschäftsführer Günther Part-</strong><br><strong> schefeld Landesverkehrswacht Thüringen gestellt.</strong><br><strong> Erste mobile Jugendverkehrschule: <figure><img loading="lazy" decoding="async" class="alignnone size-medium wp-image-382" src="http://wordpress.verkehrswacht-eichsfeld.de/wp-content/uploads/2019/04/z1-300x187.jpg" alt="" width="300" height="187" srcset="http://wordpress.verkehrswacht-eichsfeld.de/wp-content/uploads/2019/04/z1-300x187.jpg 300w, http://wordpress.verkehrswacht-eichsfeld.de/wp-content/uploads/2019/04/z1-768x479.jpg 768w, http://wordpress.verkehrswacht-eichsfeld.de/wp-content/uploads/2019/04/z1-1024x639.jpg 1024w" sizes="auto, (max-width: 300px) 100vw, 300px" /></figure><br></strong></td></tr><tr><td><span style="color: #993300;"><strong>21.02.1995</strong></span></td><td><strong>In der Sitzung fasste der Jugendhilfeausschuss des Kreistages des Landkreises Eichsfeld einstimmig den Beschluss, die Verkehrswacht Eichsfeld e.V. als freie Träger</strong><br><strong> der Jugendhilfe gem. § 75 SGB VIII (Kinder- und Jugendhilfegesetz) auf dem Gebiet des Landkreises Eichsfeld anzuerkennen.</strong></td></tr><tr><td><span style="color: #993300;"><strong>23.06.1995</strong></span></td><td><strong>Übergabe der mobilen Jugendverkehrsschule mit kompletter Ausrüstung</strong><br><strong> durch die Verkehrswacht an die Polizeiinspektion Worbis Mobile Jugendverkehrsschule der Polizeiinspektion Worbis<figure><img loading="lazy" decoding="async" class="alignnone size-medium wp-image-383" src="http://wordpress.verkehrswacht-eichsfeld.de/wp-content/uploads/2019/04/z2-300x182.jpg" alt="" width="300" height="182" srcset="http://wordpress.verkehrswacht-eichsfeld.de/wp-content/uploads/2019/04/z2-300x182.jpg 300w, http://wordpress.verkehrswacht-eichsfeld.de/wp-content/uploads/2019/04/z2-768x466.jpg 768w, http://wordpress.verkehrswacht-eichsfeld.de/wp-content/uploads/2019/04/z2-1024x622.jpg 1024w" sizes="auto, (max-width: 300px) 100vw, 300px" /></figure></strong></td></tr><tr><td><span style="color: #993300;"><strong>13.09.1995</strong></span></td><td><strong>Übergabe des neu geschaffenen Schulungsraumes für die Radfahrausbildung</strong><br><strong> am Verkehrsgarten in Heiligenstadt, Holbeinstraße 16.<figure><img loading="lazy" decoding="async" class="alignnone size-medium wp-image-384" src="http://wordpress.verkehrswacht-eichsfeld.de/wp-content/uploads/2019/04/z3-300x174.jpg" alt="" width="300" height="174" srcset="http://wordpress.verkehrswacht-eichsfeld.de/wp-content/uploads/2019/04/z3-300x174.jpg 300w, http://wordpress.verkehrswacht-eichsfeld.de/wp-content/uploads/2019/04/z3-768x445.jpg 768w, http://wordpress.verkehrswacht-eichsfeld.de/wp-content/uploads/2019/04/z3-1024x593.jpg 1024w" sizes="auto, (max-width: 300px) 100vw, 300px" /></figure></strong></td></tr><tr><td><span style="color: #993300;"><strong>01.03.1996</strong></span></td><td><strong>Inbetriebnahme des Übungsplatzes an der Grundschule Wingerode.</strong></td></tr><tr><td><span style="color: #993300;"><strong>28.08.1997</strong></span></td><td><strong>Großer Aktionstag „Schulwegsicherung“ auf dem Schulhof der Lorenz-</strong><br><strong> Kellner-Schule für die Grund- und Förderschulen.<figure><img loading="lazy" decoding="async" class="alignnone size-medium wp-image-386" src="http://wordpress.verkehrswacht-eichsfeld.de/wp-content/uploads/2019/04/z5-300x193.jpg" alt="" width="300" height="193" srcset="http://wordpress.verkehrswacht-eichsfeld.de/wp-content/uploads/2019/04/z5-300x193.jpg 300w, http://wordpress.verkehrswacht-eichsfeld.de/wp-content/uploads/2019/04/z5-768x493.jpg 768w, http://wordpress.verkehrswacht-eichsfeld.de/wp-content/uploads/2019/04/z5-1024x657.jpg 1024w, http://wordpress.verkehrswacht-eichsfeld.de/wp-content/uploads/2019/04/z5.jpg 1924w" sizes="auto, (max-width: 300px) 100vw, 300px" /></figure> <figure><img loading="lazy" decoding="async" class="alignnone size-medium wp-image-385" src="http://wordpress.verkehrswacht-eichsfeld.de/wp-content/uploads/2019/04/z4-300x190.jpg" alt="" width="300" height="190" srcset="http://wordpress.verkehrswacht-eichsfeld.de/wp-content/uploads/2019/04/z4-300x190.jpg 300w, http://wordpress.verkehrswacht-eichsfeld.de/wp-content/uploads/2019/04/z4-768x487.jpg 768w, http://wordpress.verkehrswacht-eichsfeld.de/wp-content/uploads/2019/04/z4-1024x650.jpg 1024w" sizes="auto, (max-width: 300px) 100vw, 300px" /></figure></strong></td></tr><tr><td><span style="color: #993300;"><strong>17.05.1998</strong></span></td><td><strong>Übergabe des neu geschaffenen Übungsplatzes der GS Wüstheuterode.</strong></td></tr><tr><td><strong><span style="color: #990000;">28.09.1998</span></strong> </td><td><strong>Radfahrausbildung auf dem neu geschaffenen Verkehrsgarten in Küllstedt.</strong></td></tr><tr><td><span style="color: #993300;"><strong>06.10.2000</strong></span></td><td><strong>Übergabe der neuen mobilen Jugendverkehrsschule Eichsfeld EIC &#8211; 255</strong><br><strong> durch die Verkehrswacht an den Landrat Herrn Dr. Werner Henning.</strong></td></tr><tr><td><span style="color: #993300;"><strong>Nov. 2002</strong></span></td><td><strong>Im Rahmen eines Projektantrages finanzierte die Landesverkehrswacht</strong><br><strong> Thüringen e.V. im November 2002 fur die Jugendverkehrsschule Worbis</strong><br><strong> eine Ampelanlage im Wert von 7.158,00 Euro.</strong></td></tr><tr><td><span style="color: #990000;"><strong>Febr.&nbsp; 2003 &nbsp;</strong></span><strong> </strong></td><td><strong>Wechsel im Vorstand: Berthold Gabel gibt Vorsitz auf, neue Vorsitzende wird Gerda Buchholz</strong></td></tr><tr><td><strong><span style="color: #990000;">März 2003&nbsp; &nbsp;</span></strong> </td><td><strong>Übergabe einer Ampelanlage für die Verkehrserziehung an die JVS der PI Worbis</strong></td></tr><tr><td><strong><span style="color: #990000;">Juni 2004&nbsp;</span></strong> </td><td><strong>1. Verkehrssicherheitstag „Aktion Junge Fahrer“ in Leinefelde  Partner: SBBS Leinefelde, Stadt Leinefelde-Worbis </strong></td></tr><tr><td><strong><span style="color: #990000;">April 2007&nbsp; &nbsp;</span></strong> </td><td> <strong>Gewährung einer Zuwendung aus dem Fonds „Lottomittel“  des Freistaates Thüringen für die Markierung des Verkehrsgartens in der Astrid-Lindgren-Schule in Heiligenstadt</strong></td></tr><tr><td><strong><span style="color: #990000;">Mai 2007</span></strong> </td><td><strong>Wechsel im Vorstand <br>Neuer Vorsitzender: Bert Dübner </strong></td></tr><tr><td><strong><span style="color: #990000;">2007</span></strong> </td><td><strong>Start der „Plakatserie“ zum Unfallgeschehen im Landkreis und Projekt „ Regionaler Leitfaden zur Verkehrserziehung im Landkreis Eichsfeld“ </strong></td></tr><tr><td><strong><span style="color: #990000;">2010</span></strong></td><td><strong>Schülerwettbewerb „Drogen und Verkehrssicherheit“ </strong><p><strong>Plakate werden in einem „zeitlosen Kalender“ zusammengefasst</strong></p></td></tr><tr><td><strong><span style="color: #990000;">2012</span></strong></td><td><strong>Präventionspreis der Aktion Kinder-Unfallhilfe e.V. <br> „Der Rote Ritter“ für den „Regionalen Leitfaden zur Verkehrserziehung“&nbsp; </strong></td></tr><tr><td><strong><span style="color: #990000;">2013</span></strong> </td><td><strong>Anschaffung einer Hüpfburg</strong></td></tr><tr><td><strong><span style="color: #990000;">2015</span></strong></td><td><strong> Start des Internetauftritts <br> &nbsp;&nbsp;&nbsp;&nbsp;&nbsp;&nbsp;&nbsp;&nbsp;&nbsp;&nbsp;&nbsp;&nbsp;&nbsp;&nbsp;&nbsp;&nbsp;&nbsp;&nbsp;&nbsp;&nbsp;&nbsp;&nbsp;&nbsp; </strong><a href="http://www.verkehrswacht-eichsfeld.de/"><strong>www.verkehrswacht-eichsfeld.de</strong></a><strong> </strong></td></tr><tr><td><strong><span style="color: #990000;">2016</span></strong></td><td><strong> Bau und Inbetriebnahme eines eigenen Gurtschlitten </strong></td></tr></tbody></table>



<p></p>

<p>12.04.1994 wird im Landkreis Eichsfeld die Verkehrswacht Eichsfeld e.V. gegründet und die Satzung beschlossen. 14.06.1994 Eintragung der Verkehrswacht Eichsfeld e.V. ins Vereinsregister VR 225beim Amtsgericht Heiligenstadt. Schirmherrin: Barbara Behrend, Direktorin des Amtsgerichts Heiligenstadt 05.09.1994&nbsp; Übergabe der mobilen Jugendverkehrsschule durch das <a href="http://wordpress.verkehrswacht-eichsfeld.de/?page_id=60"> Read more&#8230;</a></p>
